2 - l**3 + 5 + 16*l**2 - 6*l - 7*l. Let j be t(9). Let p be (-1 - -4)*20/6. What is the greatest common factor of p and j?
10
Let w be 11*(-1)/((-1)/5). Suppose 0 = 3*h + 2*h - w. Calculate the greatest common factor of h and 22.
11
Let z(q) = 2*q - 8. Let g be z(-14). Let k = g - -51. Suppose 2*u - 3*r - 15 = 0, 3*r = -4*u + 4*r + 15. What is the highest common factor of k and u?
3
Let v = 155 - 89. What is the greatest common factor of v and 12?
6
Let c(v) = -v**3 - 12*v**2 + 9*v + 13. Let k = -24 - -11. Let p be c(k). What is the highest common divisor of 26 and p?
13
Suppose -2*g = -3*g + 72. Let k be (18/2)/((-18)/12). Let n = 15 + k. Calculate the highest common divisor of n and g.
9
Suppose 5*w + 5*i = 81 - 366, -4*w - 203 = -i. Let c = 77 + w. Suppose -140*y = -128*y - 60. Calculate the greatest common factor of y and c.
5
Let k be (-3 + 4)/(-1) + 3. Suppose -6*i + 660 = -k*i. Calculate the highest common divisor of 15 and i.
15
Let o = 32 - 13. Let a = o - 5. What is the greatest common factor of 42 and a?
14
Suppose 3*l + 5 = -2*q - 20, 2*l - 5*q + 42 = 0. Let d = 9 - l. What is the greatest common divisor of 4 and d?
4
Let n = 5 + 1. Let t(u) = u**3 - u**2 - u + 18. Let z be t(0). Calculate the highest common factor of z and n.
6
Let r(w) = -8 - w**2 + 1 + 10*w - w. Let x be r(7). What is the greatest common divisor of 14 and x?
7
Let t = -37 - -52. Let a(y) = -2 + 0 - 3*y**3 + 4*y**3 + 5*y**2. Let h be a(-2). What is the highest common divisor of t and h?
5
Let f(b) = 178*b - 2. Let a be f(1). What is the greatest common divisor of 16 and a?
16
Suppose -2*m = -0*m - 8. Suppose 0 = v - 2*q - 5 - 4, 3*v - 57 = -m*q. What is the highest common divisor of v and 45?
15
Let t = 15 - 17. Let m be t/(-6) - (-288)/27. Calculate the greatest common divisor of 88 and m.
11
Let p = -67 + 94. Let y(j) = 6*j - 4. Let x be y(-6). Let a = x + 58. Calculate the greatest common divisor of a and p.
9
Let y be 5/(20/48) + 2. What is the greatest common factor of y and 112?
14
Let z = 194 - 106. Let k = -15 - -37. Calculate the greatest common factor of z and k.
22
Let l = -5 + 7. Suppose 0 = l*z - 3*o + 19, 3*o = -0*z + z + 17. Let d be 106 + 0 + 2/z. What is the highest common factor of 15 and d?
15
Let q(z) = z**3 + 7*z**2 - 7*z - 1. Suppose -5*x + 14 - 54 = 0. Let c be q(x). Let u = c + 16. What is the greatest common factor of u and 56?
7
Let w(t) = 3*t**2 + 3*t - 90. Let j be w(8). Let q = 2 - -12. Calculate the greatest common divisor of q and j.
14
Let p(u) = -3*u**3 - 4*u**2 - 2*u. Let c be p(-2). Let h be (180/(-42))/(2/(-14)). What is the greatest common divisor of h and c?
6
Let y(g) = g - 4. Let c be y(6). Let d be (4/(-10))/(c/(-70)). What is the greatest common divisor of d and 42?
14
Suppose 2*j - 4*k - 38 = 0, -3*k - 80 = -5*j + 2*k. Suppose -3*f + j = -f - 3*c, -2*f + 1 = c. What is the greatest common factor of f and 18?
2
Let x be 4/(-16) - 66/(-8). Let g be ((-9)/15)/((-2)/10). Suppose 0 = 2*d - 21 - g. What is the greatest common divisor of d and x?
4
Suppose 0 = q + 3*q - 5*k + 21, 3*q + 11 = -k. Let p be q/2*2/(-2). Let h be (p + -1 - 34)/(-1). Calculate the greatest common factor of 22 and h.
11
Suppose 7*k - 3*k = 48. Suppose k = 4*u - 8, 3*j = -u + 92. Suppose 131 = 4*c - j. Calculate the greatest common factor of 4 and c.
4
Suppose 2*r = 2*v + 2, -2*v - 2*r + 14 = -0. Let j be -1*147/(v + 0). Let c be (-1)/3 - j/3. What is the highest common divisor of 144 and c?
16
Let l(f) = -f**3 + 5*f**2 + f - 3. Suppose -n = 1 - 6. Let r be l(n). Suppose 0*o - 42 = -r*o. Calculate the greatest common divisor of o and 7.
7
Suppose 5*m - 161 = 5*p + 2*m, -165 = 5*p - 5*m. Let a = p - -53. Suppose x + a = -5*t, 5*t - 3*t + 1 = -3*x. Calculate the greatest common factor of x and 2.
1
Let t(u) = 2*u**2 + 2*u + 5. Let v be t(7). What is the highest common divisor of v and 39?
39
Suppose 0 = -20*c + 12*c + 1160. What is the highest common factor of c and 29?
29
Let i be 16/(4/1) - 2. Suppose -r + 0*g + 12 = g, -4*g - 12 = -i*r. What is the highest common divisor of r and 4?
2
Let l be 8/(-6)*21/(-2). Let t be (18/(-9))/((-1)/11). Let a = t - 8. Calculate the greatest common factor of l and a.
14
Let s(u) = -u**2 + 2*u - 2. Let y be s(2). Let i be (y/(-4))/((-2)/(-4)). Let t be i/(-3 - (2 - 6)). Calculate the greatest common divisor of 5 and t.
1
Suppose -3*r + 33 = -24. Calculate the greatest common divisor of r and 152.
19
Let k(y) = -y**3 + 24*y**2 + 28*y + 21. Let r be k(25). Calculate the highest common divisor of 24 and r.
24
Suppose -17 = -2*s + s - 2*o, -s = -2*o - 21. Let n be 126/15 + (-4)/10. Let d be (n/10)/((-22)/(-1045)). Calculate the greatest common divisor of d and s.
19
Suppose 4*n + 14 = 2*a, -2*a = n + n - 26. What is the greatest common divisor of a and 22?
11
Let j be (-3)/(-15) + (-87)/(-15). Let r be (-4)/j + 35/3. Calculate the highest common factor of 121 and r.
11
Suppose 2*r - 47 = -4*b - b, 4*b - 44 = -2*r. Calculate the greatest common factor of 48 and r.
16
Suppose 3*r = 2*r + 2. Suppose -a + 5 = 4*f, -2*a + 12 = f + r. Let y(n) = 14*n**2 + n. Let b be y(1). What is the greatest common factor of a and b?
5
Suppose 2*w + 3 = w. Let v = 10 + w. Suppose -2*q + 253 = 5*f, q = -5*f - 0*q + 249. Calculate the greatest common divisor of v and f.
7
Suppose -3*p = -5*x - 9, 5*x = -5*p + 2*x - 19. Let d be p + 3 + (18 - -1). What is the greatest common factor of 8 and d?
4
Suppose -5*u = -2*p + 157, -3*p + 2*u + 118 = -112. What is the greatest common factor of p and 19?
19
Suppose -3*k - 6 = -3*g, -2*g + 6 = 3*k - 4*k. Calculate the highest common divisor of 4 and g.
4
Suppose 2*s - 37 = 33. Suppose 0 = 4*f - f - 42. Calculate the highest common factor of s and f.
7
Let u = 14 - 10. Suppose -c + 3 = -5. Calculate the greatest common factor of c and u.
4
Suppose 3*d - 4 = 2*d. Let k be 0 + 6/d*-2. Let m be -1 + 10 - (k - -2). Calculate the highest common factor of 40 and m.
10
Suppose -x - 5*t + 21 = 3*x, 5*x - 18 = 2*t. Let r = -40 - -60. What is the greatest common divisor of r and x?
4
Suppose 4*h - 18 = 86. Calculate the greatest common divisor of h and 13.
13
Suppose -136 - 102 = -2*c. Suppose 0 = -4*w + 7*w - 51. What is the highest common factor of w and c?
17
Suppose 0 = -2*t + 4*q + 84, -252 = -5*t - 4*q - 0*q. Calculate the greatest common divisor of t and 6.
6
Suppose -3*d + 5*d - 2 = 0. Calculate the highest common divisor of 1 and d.
1
Let s be (5/5)/(2/4). Let z = s + 2. Suppose 0 = -0*f - z*f + 320. Calculate the greatest common divisor of 10 and f.
10
Let t(z) = 15*z**2 + 2*z - 1. Let s be t(-2). Calculate the highest common divisor of 22 and s.
11
Suppose -2*q - 425 = -7*q. Let o be ((-85)/(-10))/((-2)/(-4)). What is the greatest common factor of q and o?
17
Suppose -5 = -2*a - 2*l - 3*l, 3*a - l - 16 = 0. What is the highest common divisor of a and 65?
5
Let s = -11 - -25. Suppose 2*y = 4 + s. Calculate the greatest common factor of y and 18.
9
Let p be 614/8 - 1/(-4). What is the highest common divisor of p and 7?
7
Let r be 18/36 + (-74)/(-4). Calculate the highest common factor of 76 and r.
19
Let f be ((-166)/(-1))/((-1)/(-2)). Let k be f/11 - 4/22. Calculate the greatest common divisor of 45 and k.
15
Suppose o + s = 7, o - 3*s = -4*o + 19. Calculate the highest common factor of 1 and o.
1
Let b be (-1)/((22/(-72))/11). Suppose q + 0*q + 18 = 2*o, b = 5*o + 2*q. What is the greatest common divisor of 20 and o?
4
Let s(a) = 112*a**3 - a**2 + a. Let n be s(1). Let x = 35 + -21. Calculate the highest common divisor of n and x.
14
Let d = -7 + 11. Let f = 3 + 3. Let b = f + d. Calculate the greatest common divisor of b and 30.
10
Suppose 30 = v - 18. Suppose 3*y + y = 24. Calculate the highest common divisor of y and v.
6
Let r(s) be the third derivative of s**6/120 + 3*s**5/20 + s**4/4 - 4*s**3/3 - 2*s**2. Let d be r(-8). What is the greatest common factor of 32 and d?
8
Suppose 0*b - 3*b + 4*j + 33 = 0, 0 = b - 3*j - 16. What is the greatest common divisor of 3 and b?
1
Let g(d) = 2*d + 2*d - 1 + 3*d. Let n be g(1). Let z(o) = -o**2 + o + 24. Let k be z(0). What is the greatest common divisor of k and n?
6
Suppose -4*o + 47 = -177. Let y = -2 - 16. Let v = y - -25. What is the greatest common divis